{"id":1434,"date":"2025-11-19T12:06:12","date_gmt":"2025-11-19T10:06:12","guid":{"rendered":"https:\/\/www.emmanueldelicata.com\/order\/?post_type=product&#038;p=1434"},"modified":"2025-11-19T14:03:19","modified_gmt":"2025-11-19T12:03:19","slug":"eskwizitgellewza","status":"publish","type":"product","link":"https:\/\/www.emmanueldelicata.com\/order\/product\/eskwizitgellewza\/","title":{"rendered":"ESKWI\u017bIT \u0120ellew\u017ca Spumante Demi-Sec, Quality Sparkling Wine of Malta"},"content":{"rendered":"<p>Made in the M\u00e9thode Charmat from the native red \u0120ellew\u017ca grape, \u0120ellew\u017ca Spumante is a delicious demi-sec ros\u00e9 bursting with ripe strawberry flavours and a steady cascade of effervescence.<\/p>\n","protected":false},"excerpt":{"rendered":"<ul>\n<li>Carton of <strong>six bottles<\/strong> of 75 cl each<\/li>\n<li>No bottle deposit<\/li>\n<li>Free delivery in Malta and Gozo<\/li>\n<\/ul>\n","protected":false},"featured_media":1435,"template":"","meta":[],"product_brand":[],"product_cat":[57],"product_tag":[35,33,34],"class_list":{"0":"post-1434","1":"product","2":"type-product","3":"status-publish","4":"has-post-thumbnail","6":"product_cat-eskwizit","7":"product_tag-premium","8":"product_tag-rose","9":"product_tag-sparkling","10":"product_shipping_class-delivery","12":"first","13":"instock","14":"taxable","15":"shipping-taxable","16":"purchasable","17":"product-type-simple"},"jetpack_sharing_enabled":true,"_links":{"self":[{"href":"https:\/\/www.emmanueldelicata.com\/order\/wp-json\/wp\/v2\/product\/1434","targetHints":{"allow":["GET"]}}],"collection":[{"href":"https:\/\/www.emmanueldelicata.com\/order\/wp-json\/wp\/v2\/product"}],"about":[{"href":"https:\/\/www.emmanueldelicata.com\/order\/wp-json\/wp\/v2\/types\/product"}],"wp:featuredmedia":[{"embeddable":true,"href":"https:\/\/www.emmanueldelicata.com\/order\/wp-json\/wp\/v2\/media\/1435"}],"wp:attachment":[{"href":"https:\/\/www.emmanueldelicata.com\/order\/wp-json\/wp\/v2\/media?parent=1434"}],"wp:term":[{"taxonomy":"product_brand","embeddable":true,"href":"https:\/\/www.emmanueldelicata.com\/order\/wp-json\/wp\/v2\/product_brand?post=1434"},{"taxonomy":"product_cat","embeddable":true,"href":"https:\/\/www.emmanueldelicata.com\/order\/wp-json\/wp\/v2\/product_cat?post=1434"},{"taxonomy":"product_tag","embeddable":true,"href":"https:\/\/www.emmanueldelicata.com\/order\/wp-json\/wp\/v2\/product_tag?post=1434"}],"curies":[{"name":"wp","href":"https:\/\/api.w.org\/{rel}","templated":true}]}}